 = -2*n. Calculate the remainder when 32 is divided by n.
10
Suppose 0 = -l + 23 + 32. Suppose p + 3*k - l = -p, -5*k - 100 = -5*p. What is the remainder when p is divided by 128/10 - (-6)/30?
10
Let i(q) = q**3 + 9*q**2 + 4*q + 11. What is the remainder when i(-8) is divided by 11?
10
Let z(f) = f**2 - 7*f - 13. Suppose -2*j + 12 = -v + 3*v, 0 = -5*v - 4*j + 33. What is the remainder when z(10) is divided by v?
8
Let r(p) = 4*p - 8. Calculate the remainder when (0 - -1) + (-122)/(-2) is divided by r(6).
14
Let r(w) = -4*w. Let z be r(-4). Let t = z + -7. Calculate the remainder when 34 is divided by t.
7
Let j = 31 + -46. Suppose 4*i + i - 3*h - 134 = 0, 0 = -i + 2*h + 31. Let r = j + i. What is the remainder when r is divided by 6?
4
Let s = 8 - 5. Let h = -17 + 20. Calculate the remainder when h is divided by s.
0
Suppose 2*x = 3*x - 9. Let k(g) = 2*g + 15. Calculate the remainder when k(0) is divided by x.
6
Suppose -3*g = 5*a - 269, 4*a - 230 = 4*g + g. What is the remainder when a is divided by 14?
13
Let r = 16 + 0. Calculate the remainder when 6 is divided by (-4)/(r/3)*-4.
0
Suppose 144 = 3*f + f. Let t = -26 + f. Calculate the remainder when 29 is divided by t.
9
Suppose -11 + 2 = -3*v, -3*g + 15 = 2*v. Let c be (-2)/(3/3) - g. Calculate the remainder when (0 + c)*8/(-10) is divided by 3.
1
Suppose 5*n = 2*h - 15 - 65, 0 = 4*n - 3*h + 57. Let d = n - -32. Calculate the remainder when 40 is divided by d.
12
Let p = -5 - -5. Suppose p = -4*v + 88 + 8. What is the remainder when v is divided by 9?
6
Let c be (11/3)/(3/9). Suppose s + 0*s = c. Calculate the remainder when s is divided by -1 + 1/(3/21).
5
Let w(v) = -v**3 + 10*v**2 + 3*v - 4. Let j be w(10). Let k = 41 + j. What is the remainder when k is divided by 17?
16
Suppose 3*g + 0*g = 42. Let j = -26 + 66. What is the remainder when j is divided by g?
12
Let l(b) = b**3 - 6*b**2 - 8*b + 34. Calculate the remainder when l(8) is divided by 11.
10
Let v = -35 - -58. Let s = v + -16. What is the remainder when 10 is divided by s?
3
Let n(p) = p**3 + p + 8. Suppose 3*i - 9 = -0*i. What is the remainder when n(0) is divided by i?
2
Let g(o) = -20*o - 1. Let s be (-4)/6 + (-5)/15. Let j be g(s). Suppose -j = -x + 2. Calculate the remainder when x is divided by 11.
10
Calculate the remainder when 21 is divided by -1 + 1 - 66/(-6).
10
Suppose -2 + 11 = -3*c, -5*c = -3*z + 33. Let m(w) = -w - 3. Let q be m(-5). Suppose 0 = 2*j + q*j - 40. What is the remainder when j is divided by z?
4
Let i(j) = 33*j + 5. Calculate the remainder when i(2) is divided by 37.
34
Suppose 3*o = 2*o - 71. Let f = -51 - o. What is the remainder when f is divided by 7?
6
Let y = 60 - -12. Suppose 36*d = 34*d + 30. What is the remainder when y is divided by d?
12
Let c(h) = 3*h + 4. Suppose 181 = 3*n + 4*z, -3*z = 2*n - 4*z - 106. What is the remainder when n is divided by c(5)?
17
Suppose -4*j + 6*j - 58 = 0. What is the remainder when 86 is divided by j?
28
Suppose 5*o - d + 0*d - 48 = 0, 4 = 2*d. Calculate the remainder when (-2 - -3)*31 - (2 - -1) is divided by o.
8
Let r be (-41)/(-2) + 1/2. Let p = r - 7. Calculate the remainder when 40 is divided by p.
12
Let a = -23 - -41. Calculate the remainder when 52 is divided by a.
16
What is the remainder when 63 is divided by (15/45)/((-1)/(-24))?
7
Let b = -5 + 7. Let r(c) = 3*c**2 - c. Calculate the remainder when 38 is divided by r(b).
8
Suppose -3*v + 0*f = 3*f, -2*f - 21 = -5*v. Let t = 12 + -11. Suppose -v*g + 15 = 0, -j + 2*g - t = 5. What is the remainder when j is divided by 2?
0
Suppose 141 = 5*w + x, 0*x = -3*w + 3*x + 81. Calculate the remainder when w is divided by ((-2)/4)/(2/8) + 12.
8
Let x(y) = y + 4. Let c be x(0). Suppose -c*b - 6 = n - 1, 0 = -3*n + 2*b - 1. Let m = 4 + n. What is the remainder when m is divided by 2?
1
Suppose -r = t - 2, 3*t - 7 + 1 = r. Suppose r = -2*f - 2*g + 20 + 8, 2*g = -2. What is the remainder when 2/(-6) + 130/3 is divided by f?
13
Suppose -3*y + 168 = 4*y. What is the remainder when 140 is divided by y?
20
Suppose 154 = 4*n - 2*n. What is the remainder when n is divided by 16?
13
Let c(x) = -29*x - 11. Calculate the remainder when c(-2) is divided by 24.
23
Suppose 3*d - 2*r - 67 = -0*r, 0 = -d - 4*r + 27. Let l(f) = -14*f + 6. What is the remainder when l(-6) is divided by d?
21
Suppose 3*y = 20 + 13. Let h(d) = d**2 - d + 2. Calculate the remainder when h(-5) is divided by y.
10
Let k = -20 - -54. Calculate the remainder when k is divided by 19.
15
Let i = -25 - -36. What is the remainder when 38 is divided by i?
5
Let i(b) be the third derivative of 0*b - 1/3*b**3 + 1/2*b**4 + b**2 + 0. Calculate the remainder when i(2) is divided by 12.
10
Let u = -99 - -139. Calculate the remainder when u is divided by 14.
12
Suppose -4*l + 18 = -l. Calculate the remainder when 22 is divided by l.
4
Let o be (-7)/(21/(-18)) + -2. Suppose -5*y = 2*z - 24, 4*z = 3*y - 0*z - o. Calculate the remainder when y is divided by ((-1)/3)/(1/(-6)).
0
Suppose 4 = -o + 27. Let c = o + -13. What is the remainder when 17 is divided by c?
7
Let i(n) = n**2 + 13. Let k be i(0). Let v(y) = -y + 1. Let p be v(-1). Let j = k - p. What is the remainder when 21 is divided by j?
10
Let a = 12 + -5. Let y = 5 + 4. Let p = 9 + y. What is the remainder when p is divided by a?
4
Suppose -2*m - 31 = -5*u, 0*m - 5*u = -4*m - 57. Let l = -5 - m. Calculate the remainder when 21 is divided by l.
5
Let b = -38 + 88. Let k = b + -29. What is the remainder when 82 is divided by k?
19
Let x(o) be the second derivative of 3*o**3/2 - 7*o**2 + o. What is the remainder when x(12) is divided by 24?
22
Let t = 53 + -43. What is the remainder when 13 is divided by t?
3
Suppose 0 = 3*b + 7 - 52. Suppose -4*y + 108 = -f, 0 = 6*y - y + 4*f - 156. What is the remainder when y is divided by b?
13
Let v(q) = 2*q**3 - 3*q**2 + 2*q - 3. Let l(t) = 3*t**2 + 5*t + 4. What is the remainder when v(3) is divided by l(-3)?
14
Suppose 776 = 5*k + 16. Calculate the remainder when k is divided by 52.
48
Let o = 48 - 17. What is the remainder when o is divided by (-13 - -14)*(-22)/(-2)?
9
Suppose -2*u - 2*u + 576 = 0. Suppose 3*o - 3*y = -u, -o - 4*y - 44 = -7*y. Let t = o - -70. What is the remainder when t is divided by 11?
9
Let n(w) = w**2 - 2. What is the remainder when n(-8) is divided by 9?
8
Let a(m) = m**2 - 3*m - 7. Let v be a(5). Suppose 0 = v*o + o - 152. What is the remainder when o is divided by 13?
12
Let y = -13 + 25. What is the remainder when 22 is divided by y?
10
Let w(h) = -h**3 + 2. Let a be w(0). Suppose 0 = -a*m + 12 + 4. Calculate the remainder when m is divided by 5.
3
Suppose -10*b + 44 = -46. Calculate the remainder when 41 is divided by b.
5
Suppose l + 2*l = f + 16, -3*f = 12. Calculate the remainder when 9 is divided by l.
1
Suppose 5*r + 17 = 3*l - 24, -3*l - 4*r + 32 = 0. What is the remainder when 65 is divided by l?
5
Suppose k + 8 = 105. Calculate the remainder when k is divided by 9.
7
Suppose -2*d + 475 = 4*t - 3*d, t - 114 = 5*d. Calculate the remainder when t is divided by 20.
19
Let a be 4/(-6) - (-4)/6. Suppose -z = 2*q - a*q, -5*q = -2*z + 36. Suppose 5*l = -5*j + 95, -l - 5 = -0*l - 5*j. What is the remainder when l is divided by z?
7
Suppose 3*r - 3*k = 24, -r - 4*k = -3*k. Suppose -r*p = -6*p + 40. What is the remainder when p is divided by (14/(-3))/(6/(-9))?
6
Let g(y) = -y + 7. Let l be g(-7). Let x = l - -12. Suppose 0 = -5*i - 19 + 64. Calculate the remainder when x is divided by i.
8
Let b = 91 - 65. What is the remainder when 103 is divided by b?
25
Suppose -5*i + 7*i = 32. Let p = 3 - 0. Suppose i = p*s + s. What is the remainder when s is divided by 3?
1
Let r(v) = -v**2 - 5*v + 5. Let j(f) = -f**2 - 4*f + 6. Let c(h) = 6*j(h) - 5*r(h). Calculate the remainder when 19 is divided by c(0).
8
Suppose o - 96 = -4*r, 3*o = -4*r - 0*o + 96. Let h(f) = -f**3 + 6*f**2 + 7*f + 7. Calculate the remainder when r is divided by h(7).
3
Let y(c) = 4*c**2 + c + 7. Let x be y(-3). Let z = -8 + 15. What is the remainder when z is divided by ((-6)/(-15))/(4/x)?
3
Let u(i) = 2*i**2 - 5*i. Let j be 0 - 1/((-3)/12). Calculate the remainder when 22 is divided by u(j).
10
Let r = 29 + -14. Let p(c) = -2*c**2 + 16*c - 2. What is the remainder when p(5) i